{"id":164,"date":"2020-04-06T21:01:50","date_gmt":"2020-04-06T21:01:50","guid":{"rendered":"http:\/\/csps.pt\/?page_id=164"},"modified":"2020-04-09T14:53:28","modified_gmt":"2020-04-09T14:53:28","slug":"creche","status":"publish","type":"page","link":"https:\/\/csps.pt\/index.php\/creche\/","title":{"rendered":"Creche"},"content":{"rendered":"\n<p class=\"has-text-color has-vivid-cyan-blue-color\">A Creche e o Ber\u00e7\u00e1rio destinam-se a beb\u00e9s e crian\u00e7as entre os quatro e os trinta e seis meses de idade (tr\u00eas anos) e desenvolve-se em duas componentes:<\/p>\n\n\n\n<p class=\"has-text-color has-vivid-cyan-blue-color\"><strong>A componente de apoio familiar<\/strong>, atrav\u00e9s do acolhimento, guarda, prote\u00e7\u00e3o e seguran\u00e7a dos beb\u00e9s e crian\u00e7as, com foco nos cuidados b\u00e1sicos e num clima de seguran\u00e7a f\u00edsica e afectiva, devido ao tempo de afastamento dos beb\u00e9s e crian\u00e7as do seu seio familiar. Esta componente pressup\u00f5e, tamb\u00e9m, assist\u00eancia em servi\u00e7os como higiene, sa\u00fade, alimenta\u00e7\u00e3o e sono.<\/p>\n\n\n\n<p class=\"has-text-color has-vivid-cyan-blue-color\"><strong>A componente educativo-pedag\u00f3gica que promove:<\/strong><\/p>\n\n\n\n<p class=\"has-text-color has-vivid-cyan-blue-color\"><strong>1.<\/strong> O desenvolvimento pessoal e social da crian\u00e7a, fomentando a sua inser\u00e7\u00e3o na sociedade e promovendo a constru\u00e7\u00e3o da sua pr\u00f3pria individualidade e personalidade. Esta passa pelo desenvolvimento de componentes cognitivas, motoras e sociais.<\/p>\n\n\n\n<p class=\"has-text-color has-vivid-cyan-blue-color\"><strong>2.<\/strong> Proximidade e coopera\u00e7\u00e3o com as fam\u00edlias no processo pedag\u00f3gico e de crescimento.<\/p>\n","protected":false},"excerpt":{"rendered":"<p>A Creche e o Ber\u00e7\u00e1rio destinam-se a beb\u00e9s e crian\u00e7as entre os quatro e os trinta e seis meses de idade (tr\u00eas anos) e desenvolve-se em duas componentes: A componente de apoio familiar, atrav\u00e9s do acolhimento, guarda, prote\u00e7\u00e3o e seguran\u00e7a dos beb\u00e9s e crian\u00e7as, com foco nos cuidados b\u00e1sicos e num clima de seguran\u00e7a f\u00edsica e afectiva, devido ao tempo [&hellip;]<\/p>\n","protected":false},"author":1,"featured_media":0,"parent":0,"menu_order":0,"comment_status":"closed","ping_status":"closed","template":"","meta":{"footnotes":""},"class_list":["post-164","page","type-page","status-publish","hentry"],"_links":{"self":[{"href":"https:\/\/csps.pt\/index.php\/wp-json\/wp\/v2\/pages\/164","targetHints":{"allow":["GET"]}}],"collection":[{"href":"https:\/\/csps.pt\/index.php\/wp-json\/wp\/v2\/pages"}],"about":[{"href":"https:\/\/csps.pt\/index.php\/wp-json\/wp\/v2\/types\/page"}],"author":[{"embeddable":true,"href":"https:\/\/csps.pt\/index.php\/wp-json\/wp\/v2\/users\/1"}],"replies":[{"embeddable":true,"href":"https:\/\/csps.pt\/index.php\/wp-json\/wp\/v2\/comments?post=164"}],"version-history":[{"count":4,"href":"https:\/\/csps.pt\/index.php\/wp-json\/wp\/v2\/pages\/164\/revisions"}],"predecessor-version":[{"id":212,"href":"https:\/\/csps.pt\/index.php\/wp-json\/wp\/v2\/pages\/164\/revisions\/212"}],"wp:attachment":[{"href":"https:\/\/csps.pt\/index.php\/wp-json\/wp\/v2\/media?parent=164"}],"curies":[{"name":"wp","href":"https:\/\/api.w.org\/{rel}","templated":true}]}}

<p class="has-text-color has-vivid-cyan-blue-color">A Creche e o Berçário destinam-se a bebés e crianças entre os quatro e os trinta e seis meses de idade (três anos) e desenvolve-se em duas componentes:</p>



<p class="has-text-color has-vivid-cyan-blue-color"><strong>A componente de apoio familiar</strong>, através do acolhimento, guarda, proteção e segurança dos bebés e crianças, com foco nos cuidados básicos e num clima de segurança física e afectiva, devido ao tempo de afastamento dos bebés e crianças do seu seio familiar. Esta componente pressupõe, também, assistência em serviços como higiene, saúde, alimentação e sono.</p>



<p class="has-text-color has-vivid-cyan-blue-color"><strong>A componente educativo-pedagógica que promove:</strong></p>



<p class="has-text-color has-vivid-cyan-blue-color"><strong>1.</strong> O desenvolvimento pessoal e social da criança, fomentando a sua inserção na sociedade e promovendo a construção da sua própria individualidade e personalidade. Esta passa pelo desenvolvimento de componentes cognitivas, motoras e sociais.</p>



<p class="has-text-color has-vivid-cyan-blue-color"><strong>2.</strong> Proximidade e cooperação com as famílias no processo pedagógico e de crescimento.</p>

<p>A Creche e o Berçário destinam-se a bebés e crianças entre os quatro e os trinta e seis meses de idade (três anos) e desenvolve-se em duas componentes: A componente de apoio familiar, através do acolhimento, guarda, proteção e segurança dos bebés e crianças, com foco nos cuidados básicos e num clima de segurança física e afectiva, devido ao tempo [&hellip;]</p>
