{"id":160,"date":"2020-04-06T20:59:41","date_gmt":"2020-04-06T20:59:41","guid":{"rendered":"http:\/\/csps.pt\/?page_id=160"},"modified":"2020-04-06T21:10:09","modified_gmt":"2020-04-06T21:10:09","slug":"servicos-sociais","status":"publish","type":"page","link":"https:\/\/csps.pt\/index.php\/servicos-sociais\/","title":{"rendered":"Servi\u00e7os Sociais"},"content":{"rendered":"\n<p class=\"has-medium-font-size\"><strong>Creche <\/strong><\/p>\n\n\n\n<p class=\"has-text-color has-vivid-cyan-blue-color\">A Creche destina-se a crian\u00e7as entre os quatro e os trinta e seis meses de idade e desenvolve-se em duas componentes:<\/p>\n\n\n\n<p class=\"has-text-color has-vivid-cyan-blue-color\"><strong>A componente de apoio s\u00f3cio-familiar<\/strong>, na promo\u00e7\u00e3o do acolhimento, guarda, protec\u00e7\u00e3o e seguran\u00e7a e dos cuidados b\u00e1sicos, num clima de seguran\u00e7a f\u00edsica e afectiva. \u00c9 a vertente da retaguarda \u00e0 fam\u00edlia, durante o tempo de afastamento da crian\u00e7a do seu meio familiar, atrav\u00e9s de um processo de atendimento individualizado e de qualidade, que inclui servi\u00e7os como a alimenta\u00e7\u00e3o, a higiene, a sa\u00fade e o sono.<\/p>\n\n\n\n<p class=\"has-text-color has-vivid-cyan-blue-color\"><strong>A componente educativo-pedag\u00f3gica que promove:<\/strong><\/p>\n\n\n\n<p class=\"has-text-color has-vivid-cyan-blue-color\">a) O desenvolvimento pessoal e social da crian\u00e7a, fomentando a sua inser\u00e7\u00e3o em grupos sociais diversos, respeitando a sua individualidade e a pluralidade de culturas, fomentando a igualdade de oportunidades.<\/p>\n\n\n\n<p class=\"has-text-color has-vivid-cyan-blue-color\">b) Colabora\u00e7\u00e3o e partilha de responsabilidades com a fam\u00edlia no processo educativo.<\/p>\n\n\n\n<p class=\"has-text-color has-vivid-cyan-blue-color\">d) A estimula\u00e7\u00e3o do desenvolvimento global da crian\u00e7a, nas suas componentes emocional, cognitiva, comunicacional, social e motora, atrav\u00e9s da implementa\u00e7\u00e3o e adequabilidade de pr\u00e1ticas l\u00fadico-pedag\u00f3gicas intencionais, estruturais e organizadas.<\/p>\n\n\n\n<p><\/p>\n\n\n\n<p class=\"has-medium-font-size\"><strong>Pr\u00e9-escolar<\/strong> <\/p>\n\n\n\n<p class=\"has-text-color has-vivid-cyan-blue-color\"><strong>O Pr\u00e9-escolar<\/strong>&nbsp;destina-se a crian\u00e7as entre 3 e os 5 anos de idade e desenvolve-se em duas componentes:<\/p>\n\n\n\n<p class=\"has-text-color has-vivid-cyan-blue-color\"><strong>A componente de apoio s\u00f3cio-familiar<\/strong>, na promo\u00e7\u00e3o do acolhimento, guarda, protec\u00e7\u00e3o e seguran\u00e7a e dos cuidados b\u00e1sicos, num clima de seguran\u00e7a f\u00edsica e afectiva. \u00c9 a vertente da retaguarda \u00e0 fam\u00edlia, durante o tempo de afastamento da crian\u00e7a do seu meio familiar, atrav\u00e9s de um processo de atendimento individualizado e de qualidade, que inclui servi\u00e7os como a alimenta\u00e7\u00e3o, a higiene, a sa\u00fade e o sono.<\/p>\n\n\n\n<p class=\"has-text-color has-vivid-cyan-blue-color\"><strong>A componente educativo-pedag\u00f3gica<\/strong>&nbsp;que promove:<\/p>\n\n\n\n<p class=\"has-text-color has-vivid-cyan-blue-color\">a) O desenvolvimento pessoal e social da crian\u00e7a, fomentando a sua inser\u00e7\u00e3o em grupos sociais diversos, respeitando a sua individualidade e a pluralidade de culturas, fomentando a igualdade de oportunidades.<\/p>\n\n\n\n<p class=\"has-text-color has-vivid-cyan-blue-color\">b) Colabora\u00e7\u00e3o e partilha de responsabilidades com a fam\u00edlia no processo educativo.<\/p>\n\n\n\n<p class=\"has-text-color has-vivid-cyan-blue-color\">d) A estimula\u00e7\u00e3o do desenvolvimento global da crian\u00e7a, nas suas componentes emocional, cognitiva, comunicacional, social e motora, atrav\u00e9s da implementa\u00e7\u00e3o e adequabilidade de pr\u00e1ticas l\u00fadico-pedag\u00f3gicas intencionais, estruturais e organizadas.<\/p>\n\n\n\n<p><\/p>\n","protected":false},"excerpt":{"rendered":"<p>Creche A Creche destina-se a crian\u00e7as entre os quatro e os trinta e seis meses de idade e desenvolve-se em duas componentes: A componente de apoio s\u00f3cio-familiar, na promo\u00e7\u00e3o do acolhimento, guarda, protec\u00e7\u00e3o e seguran\u00e7a e dos cuidados b\u00e1sicos, num clima de seguran\u00e7a f\u00edsica e afectiva. \u00c9 a vertente da retaguarda \u00e0 fam\u00edlia, durante o tempo de afastamento da crian\u00e7a [&hellip;]<\/p>\n","protected":false},"author":1,"featured_media":0,"parent":0,"menu_order":0,"comment_status":"closed","ping_status":"closed","template":"","meta":{"footnotes":""},"class_list":["post-160","page","type-page","status-publish","hentry"],"_links":{"self":[{"href":"https:\/\/csps.pt\/index.php\/wp-json\/wp\/v2\/pages\/160","targetHints":{"allow":["GET"]}}],"collection":[{"href":"https:\/\/csps.pt\/index.php\/wp-json\/wp\/v2\/pages"}],"about":[{"href":"https:\/\/csps.pt\/index.php\/wp-json\/wp\/v2\/types\/page"}],"author":[{"embeddable":true,"href":"https:\/\/csps.pt\/index.php\/wp-json\/wp\/v2\/users\/1"}],"replies":[{"embeddable":true,"href":"https:\/\/csps.pt\/index.php\/wp-json\/wp\/v2\/comments?post=160"}],"version-history":[{"count":4,"href":"https:\/\/csps.pt\/index.php\/wp-json\/wp\/v2\/pages\/160\/revisions"}],"predecessor-version":[{"id":176,"href":"https:\/\/csps.pt\/index.php\/wp-json\/wp\/v2\/pages\/160\/revisions\/176"}],"wp:attachment":[{"href":"https:\/\/csps.pt\/index.php\/wp-json\/wp\/v2\/media?parent=160"}],"curies":[{"name":"wp","href":"https:\/\/api.w.org\/{rel}","templated":true}]}}

Serviços Sociais

<p class="has-medium-font-size"><strong>Creche </strong></p>



<p class="has-text-color has-vivid-cyan-blue-color">A Creche destina-se a crianças entre os quatro e os trinta e seis meses de idade e desenvolve-se em duas componentes:</p>



<p class="has-text-color has-vivid-cyan-blue-color"><strong>A componente de apoio sócio-familiar</strong>, na promoção do acolhimento, guarda, protecção e segurança e dos cuidados básicos, num clima de segurança física e afectiva. É a vertente da retaguarda à família, durante o tempo de afastamento da criança do seu meio familiar, através de um processo de atendimento individualizado e de qualidade, que inclui serviços como a alimentação, a higiene, a saúde e o sono.</p>



<p class="has-text-color has-vivid-cyan-blue-color"><strong>A componente educativo-pedagógica que promove:</strong></p>



<p class="has-text-color has-vivid-cyan-blue-color">a) O desenvolvimento pessoal e social da criança, fomentando a sua inserção em grupos sociais diversos, respeitando a sua individualidade e a pluralidade de culturas, fomentando a igualdade de oportunidades.</p>



<p class="has-text-color has-vivid-cyan-blue-color">b) Colaboração e partilha de responsabilidades com a família no processo educativo.</p>



<p class="has-text-color has-vivid-cyan-blue-color">d) A estimulação do desenvolvimento global da criança, nas suas componentes emocional, cognitiva, comunicacional, social e motora, através da implementação e adequabilidade de práticas lúdico-pedagógicas intencionais, estruturais e organizadas.</p>



<p></p>



<p class="has-medium-font-size"><strong>Pré-escolar</strong> </p>



<p class="has-text-color has-vivid-cyan-blue-color"><strong>O Pré-escolar</strong>&nbsp;destina-se a crianças entre 3 e os 5 anos de idade e desenvolve-se em duas componentes:</p>



<p class="has-text-color has-vivid-cyan-blue-color"><strong>A componente de apoio sócio-familiar</strong>, na promoção do acolhimento, guarda, protecção e segurança e dos cuidados básicos, num clima de segurança física e afectiva. É a vertente da retaguarda à família, durante o tempo de afastamento da criança do seu meio familiar, através de um processo de atendimento individualizado e de qualidade, que inclui serviços como a alimentação, a higiene, a saúde e o sono.</p>



<p class="has-text-color has-vivid-cyan-blue-color"><strong>A componente educativo-pedagógica</strong>&nbsp;que promove:</p>



<p class="has-text-color has-vivid-cyan-blue-color">a) O desenvolvimento pessoal e social da criança, fomentando a sua inserção em grupos sociais diversos, respeitando a sua individualidade e a pluralidade de culturas, fomentando a igualdade de oportunidades.</p>



<p class="has-text-color has-vivid-cyan-blue-color">b) Colaboração e partilha de responsabilidades com a família no processo educativo.</p>



<p class="has-text-color has-vivid-cyan-blue-color">d) A estimulação do desenvolvimento global da criança, nas suas componentes emocional, cognitiva, comunicacional, social e motora, através da implementação e adequabilidade de práticas lúdico-pedagógicas intencionais, estruturais e organizadas.</p>



<p></p>

<p>Creche A Creche destina-se a crianças entre os quatro e os trinta e seis meses de idade e desenvolve-se em duas componentes: A componente de apoio sócio-familiar, na promoção do acolhimento, guarda, protecção e segurança e dos cuidados básicos, num clima de segurança física e afectiva. É a vertente da retaguarda à família, durante o tempo de afastamento da criança [&hellip;]</p>
