{"id":151,"date":"2020-04-06T20:24:42","date_gmt":"2020-04-06T20:24:42","guid":{"rendered":"http:\/\/csps.pt\/?page_id=151"},"modified":"2020-04-06T20:24:42","modified_gmt":"2020-04-06T20:24:42","slug":"orgaos-sociais","status":"publish","type":"page","link":"https:\/\/csps.pt\/index.php\/orgaos-sociais\/","title":{"rendered":"\u00d3rg\u00e3os Sociais"},"content":{"rendered":"\n<p>Comp\u00f5em os Org\u00e3os Sociais do Centro Social e Paroquial de Sobrado:<\/p>\n\n\n\n<p><strong>CONSELHO DE ADMINISTRA\u00c7\u00c3O<\/strong><\/p>\n\n\n\n<p><em>Presidente:<\/em> Padre Fernando S\u00e9rgio Fernandes<\/p>\n","protected":false},"excerpt":{"rendered":"<p>Comp\u00f5em os Org\u00e3os Sociais do Centro Social e Paroquial de Sobrado: CONSELHO DE ADMINISTRA\u00c7\u00c3O Presidente: Padre Fernando S\u00e9rgio Fernandes<\/p>\n","protected":false},"author":1,"featured_media":0,"parent":0,"menu_order":0,"comment_status":"closed","ping_status":"closed","template":"","meta":{"footnotes":""},"class_list":["post-151","page","type-page","status-publish","hentry"],"_links":{"self":[{"href":"https:\/\/csps.pt\/index.php\/wp-json\/wp\/v2\/pages\/151","targetHints":{"allow":["GET"]}}],"collection":[{"href":"https:\/\/csps.pt\/index.php\/wp-json\/wp\/v2\/pages"}],"about":[{"href":"https:\/\/csps.pt\/index.php\/wp-json\/wp\/v2\/types\/page"}],"author":[{"embeddable":true,"href":"https:\/\/csps.pt\/index.php\/wp-json\/wp\/v2\/users\/1"}],"replies":[{"embeddable":true,"href":"https:\/\/csps.pt\/index.php\/wp-json\/wp\/v2\/comments?post=151"}],"version-history":[{"count":1,"href":"https:\/\/csps.pt\/index.php\/wp-json\/wp\/v2\/pages\/151\/revisions"}],"predecessor-version":[{"id":152,"href":"https:\/\/csps.pt\/index.php\/wp-json\/wp\/v2\/pages\/151\/revisions\/152"}],"wp:attachment":[{"href":"https:\/\/csps.pt\/index.php\/wp-json\/wp\/v2\/media?parent=151"}],"curies":[{"name":"wp","href":"https:\/\/api.w.org\/{rel}","templated":true}]}}

Órgãos Sociais

<p>Compõem os Orgãos Sociais do Centro Social e Paroquial de Sobrado:</p>



<p><strong>CONSELHO DE ADMINISTRAÇÃO</strong></p>



<p><em>Presidente:</em> Padre Fernando Sérgio Fernandes</p>

<p>Compõem os Orgãos Sociais do Centro Social e Paroquial de Sobrado: CONSELHO DE ADMINISTRAÇÃO Presidente: Padre Fernando Sérgio Fernandes</p>
